n base 13, what is -c0b08b - -2?
-c0b089
In base 8, what is 0 + 104732?
104732
In base 4, what is -232310 + -1232?
-300202
In base 11, what is -19416 + 0?
-19416
In base 10, what is -5 + 16776?
16771
In base 2, what is 110001010000001 - -100?
110001010000101
In base 7, what is 20063 - 11?
20052
In base 3, what is 10022101 - 102?
10021222
In base 5, what is 113 + -22120?
-22002
In base 4, what is -133233 + 212?
-133021
In base 9, what is 1578 - -74?
1663
In base 10, what is -2 + -446194?
-446196
In base 8, what is -12 + 23410?
23376
In base 12, what is -2069481 - -3?
-206947a
In base 15, what is 47dd + -7?
47d6
In base 4, what is 10030200223 + -10?
10030200213
In base 11, what is 36123 - 20?
36103
In base 12, what is 12b12 + 3?
12b15
In base 5, what is -1131132 - 12?
-1131144
In base 15, what is 282c7 + -6?
282c1
In base 5, what is -3 + 240110?
240102
In base 6, what is -353 - 223122?
-223515
In base 14, what is -b + 16b2?
16a5
In base 11, what is -5 + -8a232?
-8a237
In base 6, what is -1031 - -2?
-1025
In base 10, what is 53545 + 4?
53549
In base 11, what is -179 + -169?
-337
In base 16, what is -e1 - -7df?
6fe
In base 5, what is -3 + 1113230?
1113222
In base 15, what is 190d + -12?
18eb
In base 5, what is 0 + -3133104?
-3133104
In base 6, what is -52313 + -1?
-52314
In base 15, what is -1b3ad - -1?
-1b3ac
In base 10, what is -3771 - 3?
-3774
In base 14, what is -13a1c + 17?
-13a05
In base 6, what is 1351554 + 153?
1352151
In base 10, what is 4 - 662?
-658
In base 2, what is 101 + -1011111111110100?
-1011111111101111
In base 7, what is 2 - -10103?
10105
In base 12, what is 162 - 11368?
-11206
In base 12, what is 1 - -3027?
3028
In base 8, what is 41 - -67?
130
In base 12, what is -1961 + 201?
-1760
In base 7, what is 13 - -23243?
23256
In base 13, what is 141b0 - 2?
141ab
In base 4, what is -2220210 - 10?
-2220220
In base 13, what is -34 - -13893?
1385c
In base 3, what is -12 + 21122211022?
21122211010
In base 13, what is -393 - 19a?
-560
In base 12, what is a - -8a865?
8a873
In base 4, what is 123011 - 303?
122102
In base 16, what is -35 + 85c?
827
In base 5, what is 14013411 + -1?
14013410
In base 3, what is 110221200 - 11?
110221112
In base 14, what is -58 + -10d?
-167
In base 10, what is 794068 - 4?
794064
In base 10, what is -62 - -817?
755
In base 11, what is -20 - -3405?
3395
In base 3, what is -101101101110 - 0?
-101101101110
In base 3, what is -12 - 102120110011?
-102120110100
In base 16, what is -5e + -4e?
-ac
In base 9, what is -7077 + 4?
-7073
In base 12, what is -9 - -31b7?
31aa
In base 13, what is 5 + -433a0?
-43398
In base 5, what is -4 - -231131?
231122
In base 8, what is -2 - 317231?
-317233
In base 6, what is -31102041 - -4?
-31102033
In base 2, what is 100010 + 111011100011111000?
111011100100011010
In base 11, what is 17 + 2962?
2979
In base 3, what is 21101010 - -1102?
21102112
In base 2, what is 101000111010 - 110?
101000110100
In base 8, what is -1106 + -1353?
-2461
In base 12, what is 8677 - 10?
8667
In base 13, what is 7418 + -1?
7417
In base 7, what is -106403 + -2?
-106405
In base 10, what is 558 + -488?
70
In base 4, what is -3201 - 10012?
-13213
In base 6, what is 4025 + -5?
4020
In base 4, what is 321200313 + 0?
321200313
In base 12, what is 6717 + 205?
6920
In base 9, what is -156438 + 2?
-156436
In base 14, what is bd6a - -8?
bd74
In base 3, what is -110000021 + 10011?
-102220010
In base 7, what is 151311 - 6?
151302
In base 8, what is 522 + 372?
1114
In base 3, what is -20002200000 - 12?
-20002200012
In base 14, what is c98 + 800?
1698
In base 13, what is -1 + 31407?
31406
In base 9, what is -3 + -246250?
-246253
In base 5, what is 10 - -3133013?
3133023
In base 14, what is -36c31 - 3?
-36c34
In base 9, what is -10023 + 18?
-10004
In base 5, what is 12 + 2222304?
2222321
In base 6, what is -5 + -450310?
-450315
In base 11, what is 1067 + -17?
1050
In base 9, what is -153 + 2682?
2528
In base 3, what is 12220012 - -1020?
12221102
In base 13, what is -6525 + 5?
-6520
In base 11, what is 276197 - 0?
276197
In base 5, what is 10 - 2032141?
-2032131
In base 16, what is -1dbda - -4?
-1dbd6
In base 8, what is -2173356 - -2?
-2173354
In base 3, what is -2122201011 + -1?
-2122201012
In base 14, what is -5 - 493c?
-4943
In base 8, what is -332 + -7?
-341
In base 5, what is -41301231 + 31?
-41301200
In base 9, what is -10428543 + 1?
-10428542
In base 15, what is 78 + 35b5?
363d
In base 2, what is 100 + -11111001110010101100?
-11111001110010101000
In base 5, what is -32421 - 30?
-33001
In base 15, what is 1b61 + 5?
1b66
In base 12, what is -6964 - -5?
-695b
In base 15, what is -177987 - -1?
-177986
In base 16, what is 148 + -1832?
-16ea
In base 16, what is -6d - 5c0?
-62d
In base 6, what is -35343 - -2?
-35341
In base 5, what is 1043303 + 4?
1043312
In base 5, what is -233 - 210?
-443
In base 14, what is 2 + -17c6?
-17c4
In base 14, what is -2 - -293dc?
293da
In base 4, what is -1231231301 + 2?
-1231231233
In base 5, what is 10 - -403240?
403300
In base 13, what is -44a7 + -3?
-44aa
In base 12, what is -101983 - -4?
-10197b
In base 6, what is -2 + 14124143?
14124141
In base 3, what is -1 - -12200110002?
12200110001
In base 16, what is -12ec34 - -1?
-12ec33
In base 7, what is -103 + -436?
-542
In base 16, what is -22bb - -2?
-22b9
In base 15, what is -4 + -7e3?
-7e7
In base 13, what is -11569 - 5?
-11571
In base 10, what is -122803 - -2?
-122801
In base 13, what is -5aa + 37?
-573
In base 15, what is 1 + -159e1?
-159e0
In base 4, what is -3202332233 + 2?
-3202332231
In base 8, what is -27 + -55?
-104
In base 14, what is 1 - 3511?
-3510
In base 5, what is -1410333 + 3?
-1410330
In base 16, what is -9d0f - 20?
-9d2f
In base 13, what is b34 + 9?
b40
In base 8, what is -44344 - -2?
-44342
In base 10, what is 93813 - -2?
93815
In base 6, what is -2110 - -55401?
53251
In base 3, what is 2 + -102210102?
-102210100
In base 8, what is -133 + 1476?
1343
In base 13, what is 3 - 2035?
-2032
In base 8, what is 2 - 32171?
-32167
In base 3, what is -112111020 - 10111?
-112121201
In base 13, what is -cb95 + -1c?
-cbb4
In base 4, what is 3032 - 22?
3010
In base 8, what is -36 - -36471?
36433
In base 4, what is -201331 + 1110?
-200221
In base 9, what is 4 + 223875?
223880
In base 4, what is 1311210023 + 3?
1311210032
In base 10, what is 29541 + 51?
29592
In base 7, what is -2 - -1515054?
1515052
In base 13, what is 424b8 - 22?
42496
In base 14, what is 6 + -4b4ba?
-4b4b4
In base 4, what is 222 - 1022002?
-1021120
In base 9, what is -12 - 738?
-751
In base 6, what is -10 + 1340053?
1340043
In base 11, what is -9 + 4a64?
4a56
In base 3, what is 10 - 1111112121?
-1111112111
In base 12, what is -3106b + -1?
-31070
In base 6, what is 215334543 + 4?
215334551
In base 2, what is -101010110 + 1101000?
-11101110
In base 6, what is 20 - 12444101?
-12444041
In base 7, what is -4 + -163213?
-163220
In base 8, what is 143 + 4151?
4314
In base 13, what is c9 + 66?
162
In base 10, what is -9803 + 15?
-9788
In base 9, what is -21334 - -4?
-21330
In base 5, what is 3330 - 401?
2424
In base 2, what is 11110110101000010000 - 11?
11110110101000001101
In base 12, what is 3 + -1a23a1?
-1a239a
In base 16, what is -5 + 22fb5?
22fb0
In base 16, what is 15 + 83?
98
In base 3, what is 1012101220220 + -1?
1012101220212
In base 9, what is 3 + -104801?
-104787
In base 11, what is -1013 - -46?
-a78
In base 2, what is 11111000 - -101011?
100100011
In base 4, what is 113222 - -13?
113301
In base 4, what is 3 - -220113132?
220113201
In base 7, what is 14236 - 60?
14146
In base 8, what is 0 - 40431?
-40431
In base 15, what is 18db2 + 1b?
18dcd
In base 9, what is -50735 - -26?
-50708
In base 6, what is -510132 + -2?
-510134
In base 5, what is -2300114204 - 3?
-2300114212
In base 5, what is 321303 - 212?
321041
In base 11, what is 22a0 + -a?
2291
In base 6, what is -5 - 10423213?
-10423222
In base 9, what is -1282684 - 4?
-1282688
In base 5, what is 24 - 1233000?
-1232421
In base 7, what is 110426 + -20?
110406
In base 13, what is -5 + 3b90?
3b88
In base 5, what is -202102012 + 4?
-202102003
In base 16, what is -b482c - -5?
-b4827
In base 4, what is -2223 + 33113?
30230
In base 10, what is -732 + 297?
-435
In base 5, what is -244 + -2303004?
-2303303
In base 13, what is -7